+ 2211244?
2211102
In base 5, what is -33 - 23244?
-23332
In base 2, what is 10111111 + 111110011100000101?
111110011111000100
In base 16, what is -9f92 - 36?
-9fc8
In base 3, what is -201 + -1010022021100002?
-1010022021100210
In base 9, what is -3 + -70358582?
-70358585
In base 16, what is -7 + -4bf3de?
-4bf3e5
In base 13, what is 858c3c + 5?
858c44
In base 7, what is 5 - -122446123?
122446131
In base 5, what is -3143334 + 1341?
-3141443
In base 13, what is 83 - -4a81?
4b34
In base 13, what is 2b34bb - 31?
2b348a
In base 15, what is -201 + 671c?
651b
In base 5, what is -1430 - 1001334130?
-1001341110
In base 7, what is -4 + -121166004?
-121166011
In base 7, what is -1405321250 + -1?
-1405321251
In base 9, what is -26 - 12237355?
-12237382
In base 10, what is -219098744 - -2?
-219098742
In base 7, what is 113512 + 31033?
144545
In base 15, what is 5 + b48?
b4d
In base 4, what is 22213322 - 21002?
22132320
In base 6, what is 34433 - 141122?
-102245
In base 14, what is -271 - -80d16?
80a85
In base 15, what is 4b - -7eb2?
800d
In base 7, what is -22 + -262316620?
-262316642
In base 2, what is 111010001011 + -111101011100?
-11010001
In base 10, what is 4 - 23458000?
-23457996
In base 11, what is 276a9 - 76?
27633
In base 5, what is 13130200 + -14213?
13110432
In base 3, what is -10 - 10212202100012101?
-10212202100012111
In base 6, what is -3231345321 - 24?
-3231345345
In base 14, what is 3 - -24716b?
247170
In base 4, what is 122023 - 133201?
-11112
In base 11, what is 4 + a22195?
a22199
In base 3, what is -2200210 + -20121102102?
-20201010012
In base 11, what is -1 + 43644563?
43644562
In base 7, what is 202264564 - -2?
202264566
In base 7, what is 1134345 + -44?
1134301
In base 16, what is -1a39f0 + 5?
-1a39eb
In base 2, what is -10 + 11000000011111000011?
11000000011111000001
In base 2, what is -10010001101110 + 110011101010?
-1011110000100
In base 10, what is 186 - 58714?
-58528
In base 12, what is -9ba26b - -75?
-9ba1b6
In base 4, what is 12 + 203012133301?
203012133313
In base 9, what is 1231 - -208046?
210277
In base 15, what is 29 + 881e?
8848
In base 6, what is 23 + -202334253?
-202334230
In base 6, what is -3100 + 4521315?
4514215
In base 10, what is -33010 + 245?
-32765
In base 5, what is -112224144213 + 12?
-112224144201
In base 7, what is 162352011 - -1?
162352012
In base 5, what is 3 - -2314410140?
2314410143
In base 2, what is -10 + 100110000010100101111000?
100110000010100101110110
In base 4, what is 1321220221320 - 2?
1321220221312
In base 4, what is 23 + 22002223223?
22002223312
In base 9, what is -13863105 + 20?
-13863075
In base 15, what is -1c71a79d - 2?
-1c71a7a0
In base 3, what is -12 + -120200112101122?
-120200112101211
In base 4, what is -3100112 + -10212301?
-13313013
In base 11, what is -1303308 - -5?
-1303303
In base 7, what is 44 - -110433262?
110433336
In base 11, what is -93185281 - -1?
-93185280
In base 3, what is -1001011110112 + -10?
-1001011110122
In base 3, what is 2000220121 - -1200100?
2002120221
In base 10, what is 3 + 10936132?
10936135
In base 12, what is -3 + -442566a?
-4425671
In base 4, what is 202 + 1232322033?
1232322301
In base 5, what is 2 - -12430323112?
12430323114
In base 9, what is -8402063 - 8?
-8402072
In base 5, what is 1 - 34024044020?
-34024044014
In base 9, what is 86776403 + -1?
86776402
In base 9, what is 7536 + -175657?
-167121
In base 3, what is 100110120122 + 1221?
100110122120
In base 13, what is 97a - -9372?
a01c
In base 11, what is -199 + -10116?
-10304
In base 5, what is -33424 + 23120043?
23031114
In base 12, what is -57a356 + 11?
-57a345
In base 9, what is -40273867 - -3?
-40273864
In base 15, what is -4 - 500cb76?
-500cb7a
In base 9, what is -115 + -13036050?
-13036165
In base 10, what is 3860 - -7857?
11717
In base 5, what is 113340234 - 4033?
113331201
In base 15, what is -29b8bde + -e?
-29b8bed
In base 4, what is 1220 + 130133300?
130201120
In base 5, what is -33421 - 43242?
-132213
In base 6, what is -42512 + -214?
-43130
In base 8, what is -4 + -27513354?
-27513360
In base 14, what is -53b8 + 293?
-5125
In base 12, what is 8590307 + 5?
8590310
In base 6, what is 3 - 52035022014?
-52035022011
In base 8, what is -1107623425 + -3?
-1107623430
In base 11, what is -8 - 198921?
-198929
In base 10, what is -397 + -3121?
-3518
In base 2, what is -1010 + 110111110100110011010?
110111110100110010000
In base 14, what is -8 + 97b32c?
97b324
In base 4, what is -3311203200 - 2?
-3311203202
In base 15, what is -24142 - 66?
-241a8
In base 6, what is -213454015 + 15?
-213454000
In base 11, what is 307 - 13760?
-13454
In base 15, what is -157a8 - -162?
-15646
In base 16, what is -f65ad - 18?
-f65c5
In base 3, what is 20002222 - -1200?
20011122
In base 13, what is -30bc - -84c?
-2570
In base 6, what is 24002 + 120034?
144040
In base 11, what is -5 - 96190164?
-96190169
In base 6, what is 14 - 10440422055?
-10440422041
In base 8, what is -2 - -144544433?
144544431
In base 13, what is -12103 + 4869?
-a567
In base 7, what is -301 + -1361410?
-1362011
In base 5, what is -2020324420 + -32?
-2020330002
In base 7, what is -1324 - -1060?
-234
In base 7, what is 330445546 - -11?
330445560
In base 16, what is -fe + -1475a?
-14858
In base 16, what is -1836d + 22f?
-1813e
In base 11, what is 3 + -10532883?
-10532880
In base 2, what is 101010010000001011001000000 - 0?
101010010000001011001000000
In base 11, what is -5 - 130188a?
-1301894
In base 14, what is 5 + -14a02c19?
-14a02c14
In base 11, what is 461 - -2a4?
755
In base 13, what is -645854 - 68?
-6458bc
In base 16, what is -fcd - -16439?
1546c
In base 14, what is 3a06 - 4941?
-d39
In base 7, what is -115520662 + 22?
-115520640
In base 5, what is 32 - -1343222102?
1343222134
In base 7, what is 204233301 - 1?
204233300
In base 2, what is 11 - -1001101011110001101011100?
1001101011110001101011111
In base 8, what is -4655 + -15227?
-22104
In base 6, what is 14250140 - 3?
14250133
In base 15, what is -5 + 595668?
595663
In base 4, what is -12 + -30223122233?
-30223122311
In base 16, what is -2 - c0909?
-c090b
In base 6, what is -2211214 - 233?
-2211451
In base 4, what is -220 - -10332033103?
10332032223
In base 16, what is 3 + 76eab2b?
76eab2e
In base 4, what is 133 - 230131322?
-230131123
In base 10, what is -26 - -56196232?
56196206
In base 11, what is -234907 + 5?
-234902
In base 13, what is 3 - -cb5b40?
cb5b43
In base 4, what is 120 + 1022202310203?
1022202310323
In base 14, what is 1223a0 + 27?
1223c7
In base 7, what is 641 - 655112?
-654141
In base 13, what is -116a87ab - 4?
-116a87b2
In base 7, what is 4 - 320605516?
-320605512
In base 6, what is 505554 + 1351?
511345
In base 2, what is -1000101111111001111011 + 1?
-1000101111111001111010
In base 15, what is -dc25ab - -4?
-dc25a7
In base 11, what is 172110a + -20?
172109a
In base 6, what is 23 - 503231033?
-503231010
In base 8, what is -3 - -165317021?
165317016
In base 3, what is -101220 + -12112202?
-12221122
In base 13, what is 25b11b + -2a?
25b0c1
In base 2, what is -111010011001000 - -10000?
-111010010111000
In base 3, what is 10122202010 - 1102?
10122200201
In base 11, what is 4 + -810841?
-810838
In base 5, what is 1113 - 142432233?
-142431120
In base 16, what is -1180 + 416b?
2feb
In base 6, what is 43523 - -51212?
135135
In base 6, what is -145 + 2400240?
2400051
In base 13, what is -21c834 - -58?
-21c7a9
In base 4, what is 21113131122 + 0?
21113131122
In base 3, what is -1022201001110 + -200?
-1022201002010
In base 5, what is -211033 + -1103034?
-1314122
In base 9, what is 376 - -102458?
102845
In base 11, what is -3562843 + -38?
-3562880
In base 12, what is 133 - 24958?
-24825
In base 7, what is -3 + 130163641?
130163635
In base 16, what is 1 + af72846?
af72847
In base 3, what is -12 - -212022100211?
212022100122
In base 8, what is 243 + -331162?
-330717
In base 8, what is -10615665 + -33?
-10615720
In base 15, what is -3 - 54a0b4?
-54a0b7
In base 3, what is -1221120200111 - 101?
-1221120200212
In base 3, what is -1 + 1002012202020022?
1002012202020021
In base 14, what is 3 - 293ccca?
-293ccc7
In base 16, what is 2256f92e + -3?
2256f92b
In base 10, what is 2603 - -58696?
61299
In base 16, what is 5 + -810fde?
-810fd9
In base 12, what is -34428a7 + -3?
-34428aa
In base 4, what is 1